g be (-62)/4*(-3 + 1). Let s = -17 + g. Let v = -13 + s. Calculate y(v).
-2
Let k be 1216/384 - 2/12. Let b(d) = 2*d**3 - d**2 - 2*d + 3*d**2 + 3 - 3*d**3. Calculate b(k).
-12
Let d(j) = j**3 + 2*j**2 - 35*j - 66. Let n be d(-6). Let f(m) = m**3 + m**2 + 4. What is f(n)?
4
Let d(c) be the first derivative of -28 - 3*c + 1/2*c**2. What is d(-7)?
-10
Let l = -7 + 11. Suppose -2*d = -l*d - 6. Let k(o) = 2 - 4*o - 14*o**2 + 13*o**2 + o. Determine k(d).
2
Let i(b) = 4*b**2 - 4*b + 6. Let h(j) be the first derivative of j**3/3 + j - 85. Let c = 6 - 3. Let r(f) = c*h(f) - i(f). What is r(4)?
-3
Let z(b) = -b**2 - 6*b + 1. Suppose 313*m + 30 = 307*m. Give z(m).
6
Let j(s) be the first derivative of 4*s**4 - 12*s**3 - 28*s**2 + 14*s - 15. Let h(w) = -3*w**3 + 7*w**2 + 11*w - 3. Let t(p) = -11*h(p) - 2*j(p). Give t(6).
-13
Let u(i) = 20*i + 75. Let y be u(-4). Let k(j) = j - 3. What is k(y)?
-8
Let p(x) = 33*x - 425. Let w be p(13). Let g(b) be the third derivative of -5/24*b**w + 1/6*b**3 + 9*b**2 + 0 + 0*b. Give g(1).
-4
Let y = 1573 - 1567. Let o(u) = -u**3 + 4*u**2 + 4*u + 4. What is o(y)?
-44
Let q(o) = 3*o - 398*o**2 + 403*o**2 + 246*o**3 - 245*o**3. Let p be ((-4)/(-3))/((-4)/(-6)). Suppose p*x + 6 = -2. Give q(x).
4
Let c(m) be the first derivative of m**2/2 + 11*m - 2. Suppose -435*o = -436*o - 8. Determine c(o).
3
Let f(y) be the third derivative of -y**5/60 + 7*y**4/24 - 9*y**2. Let r = -3 + 8. Give f(r).
10
Let p = 302 - 304. Let i(l) = -l**3 - 4*l**2 - 4*l - 2. What is i(p)?
-2
Let k(s) = s**2. Suppose -36 + 30 = 3*r. Determine k(r).
4
Let i(q) be the second derivative of q**5/20 + q**4/2 - q**3/6 + q**2 + q. Let m = -1476 - -1470. Calculate i(m).
8
Let x(p) be the second derivative of p**4/4 - p**3/3 - p**2 + 44*p + 1. Give x(2).
6
Let v(y) be the first derivative of 0*y**2 - 3*y + y - 1 - y**2. Let a(j) = 4*j + 3. Let g be a(0). Determine v(g).
-8
Let u(d) = d**3 + 6*d**2 - 7*d + 2. Let k(x) = x**3 - 17*x**2 + x - 349. Let z be k(18). Calculate u(z).
2
Let j(w) = 5*w**2 + 6*w + 4. Let i = -7 + 11. Let q(v) = i*v + 5*v + 3 - 3*v - 2*v + 3*v**2. Let n(o) = 5*j(o) - 8*q(o). What is n(-3)?
11
Let o be (-2)/(-4) - 14/(-4). Let k(n) be the second derivative of 1/20*n**5 + 0 - n**2 - 1/3*n**3 - 1/3*n**4 - 69*n. Give k(o).
-10
Let g(y) = -y**3 - 5*y**2 + 15*y + 8. Let l(z) = 11*z**2 + 196*z - 43. Let k be l(-18). Determine g(k).
1
Let m(j) = 4*j - j - 4*j - 1. Let v = 14 + 2. Let u be ((-8)/v)/((-1)/8). Give m(u).
-5
Suppose -1 = 3*g - 4*g. Let l be g*(-1)/1*-1. Let s(c) = -4*c + 1. Let r be s(l). Let b(f) = -f**3 - 3*f**2 - 3. Determine b(r).
-3
Let a(m) = m**2 + 4*m + 3. Let w(u) = -u**2 - 11*u + 53. Let l be w(-15). Determine a(l).
24
Let h(j) be the second derivative of j**6/720 + 11*j**5/120 - 3*j**4/4 + 7*j. Let l(v) be the third derivative of h(v). Give l(-6).
5
Let k = 1090 + -1090. Let s(o) be the third derivative of o**4/24 - 11*o**3/6 - o**2. Give s(k).
-11
Let l(p) = -5*p - 52. Let t = 2899 - 2909. Give l(t).
-2
Suppose -2*a - 5 = -7*a, 5*u + 4*a - 14 = 0. Let q be (u + 1)*4/3. Let h(n) = 2*n - n**2 + 0*n - 3*n + 5. Determine h(q).
-15
Let c(y) = -10*y - 27. Let s(k) = 2*k + 7. Let b(o) = -2*c(o) - 9*s(o). Give b(8).
7
Let m(t) = t**2 - 9*t + 10. Let v = -25 - -39. Let q(f) = -7 + v*f + 3 + f**2 - 3*f - 1. Let h be q(-12). What is m(h)?
-4
Let p(t) = 11*t**3 + 7*t**2 + 22*t - 29. Let q(k) = 7*k**3 + 5*k**2 + 14*k - 19. Let c(s) = 5*p(s) - 8*q(s). Determine c(-5).
17
Let n = -1033 - -1026. Let m(r) = r**2 + 11*r + 7. Give m(n).
-21
Let h(a) be the first derivative of 51 - 37 - 34 - 4*a + a**2. What is h(-4)?
-12
Let i be 60 - (2 + (-6)/1). Let p be i/20 - (-1)/(-5). Let y(c) = 3*c + c - 3*c. What is y(p)?
3
Let q(h) = 3*h - 1. Let w(v) = v - 11. Let b be w(13). Suppose 2*x = -5*l + 30, 3*l - 10 = -b*l + 2*x. Determine q(l).
11
Let w(g) = g**3 - 4*g - 4. Suppose -12 = 4*f + v, -21*f = -22*f - 5*v - 3. Give w(f).
-19
Suppose d - 8 = -3*l, d + 4*d = -l - 16. Let y(s) = 2*s**2 - 10*s - 42. Let j be y(-3). Suppose -l*z = -z - j. Let m(g) = 2*g**3 - 4*g**2 + 2*g. Determine m(z).
4
Let a(w) = w**3 + 10*w**2 + 7*w - 8. Let r be 495/110*2/(-3)*3. What is a(r)?
10
Let a = 0 + -8. Let c = a + 8. Let j(b) = 94 - 104 - 2*b**3 - b + 3*b**3. Give j(c).
-10
Let c(a) = a**2 + 8*a - 1. Suppose 3*h + 0 = 6. Suppose -h = 2*j - 3*q - 4, 0 = -j - q - 9. Let g(z) = z**2 + 5*z - 5. Let w be g(j). What is c(w)?
-16
Let v(i) = 2 + i**2 - 9*i - 2*i**2 + 3 - 1. What is v(-10)?
-6
Let l be (-6)/(-1 - (-1)/2). Suppose 13*h - 2 = l*h. Let k(z) = z**2. Let o(s) = 3*s**2 - 5*s + 1. Let m(x) = 2*k(x) - o(x). Give m(h).
5
Let d(v) = v**3 - 4*v**2 - 4*v + 1. Suppose -3*n + 5*z + 1 = 6, 20 = 5*z. Let c be d(n). Let k(t) = 13 + 17 + c*t - 27. Give k(-4).
-21
Let g be (-2 - (-2)/2) + 7. Suppose g*j - 10*j + 24 = 0. Suppose 0 = 2*m - j*m - 20. Let d(h) = 2*h + 7. Calculate d(m).
-3
Let p(k) = 9*k + 0*k + 6*k**2 - 44*k**3 + 18*k**3 - 9 + 25*k**3. Calculate p(7).
5
Let n(o) = o**3 - 8*o**2 + o - 5. Let j be n(8). Let g(a) = 7*a - 4*a - a**2 - 4*a**3 - j*a. Suppose -11*f = 8 + 3. Give g(f).
3
Let i(q) = 2*q**2 + 29*q - 27. Let x(v) = -v**2 - 15*v + 13. Let y(g) = 3*i(g) + 5*x(g). Let f be y(-13). Let n(s) = s**2 + 3*s + 4. Calculate n(f).
4
Let a(r) = 3*r**3 - r + 3. Let y(z) = 14*z**3 + z**2 - 6*z + 12. Let b(i) = -9*a(i) + 2*y(i). Determine b(-2).
3
Let r be 22/3 - 4/12. Let q(d) = 38 - 11 + d - 20 - 12. Calculate q(r).
2
Let r(x) = -2*x**2 - 4 - 727*x + 4*x**2 + 737*x. Give r(-9).
68
Let g(x) = -2*x - 14. Let j be (-5)/(((-1705)/66)/(-31)). Determine g(j).
-2
Let q = -5 + 1. Let h be ((-2)/(-5))/((-5)/75). Let v = q - h. Let u(o) = -o**3 + o. What is u(v)?
-6
Let a(l) = 283 - 568 + l + 274. What is a(11)?
0
Let h(i) = -i**3 - i**2 + 2*i + 6. Let s(q) = -q**2 - 3*q + 16. Let z be s(-6). Let v be h(z). Let p(f) = f**3 - 7*f**2 + 5*f - 3. What is p(v)?
-9
Suppose -a = -1 - 4. Let v(z) = -25*z**2 + 10*z + 13. Let t(x) = -11*x**2 + 4*x + 6. Let m(n) = 9*t(n) - 4*v(n). Determine m(a).
7
Let c(w) = 1 - 1 - 3*w + 2. Let f(d) = -9*d + 39. Let m be f(4). Give c(m).
-7
Let i be 45/(-40) + (-35)/(-30). Let h(u) be the third derivative of -6*u**2 + 0*u + 0 + i*u**4 + 1/3*u**3. Determine h(6).
8
Let x be (1 + -6)*(-2)/5. Let y(a) = -a + 0 + a**3 + 2*a**3 + x*a**2 + 1 - a**2. Give y(1).
4
Let d(z) = -7*z**3 - 5*z**2 + 4*z - 9. Let f(j) = -4*j**3 - 3*j**2 + 2*j - 5. Let r(w) = -3*d(w) + 5*f(w). Determine r(2).
6
Let s(q) be the first derivative of -3*q**2/2 - 19*q + 23. Give s(-8).
5
Let p(j) = 2*j**2 + 3*j - 5. Let y be p(2). Let s be ((-2)/4)/(y/(-126)). Suppose q + 2*c = 2 + s, q - 14 = -3*c. Let v(o) = -7*o**3 - 1. Calculate v(q).
6
Let m(t) = -16*t + 20. Let k(h) = -6*h + 7. Let v(o) = -11*k(o) + 4*m(o). Calculate v(-4).
-5
Let l(q) = -q**2 + 6*q - 3. Let x(y) = y**2 - 6*y + 3. Let h(k) = 4*l(k) + 3*x(k). Suppose -120 = -33*i + 3*i. Give h(i).
5
Let i(n) = -n**3 - 5*n**2 - 4*n + 4. Let p be i(-4). Let h(f) = -1 - 5*f + p*f + 8*f. Determine h(1).
6
Let x(y) = -y**3 + 5*y**2 + y - 3. Suppose n + 57 = 3*g + 38, 5*n = -5*g + 5. What is x(g)?
2
Let f(a) be the first derivative of -a**2/2 + a - 1. Give f(-5).
6
Let z(d) = d**3 + 5*d**2 - 9*d - 9. Let y = -342 - -336. Determine z(y).
9
Let i(m) be the first derivative of -m**5/60 - 7*m**4/24 - 4*m**3/3 + 8*m**2 - 4. Let o(c) be the second derivative of i(c). Determine o(-6).
-2
Let j(l) = -2*l - 14. Let s be j(-9). Suppose -9*d + s*d = 0. Let z(r) be the third derivative of r**6/120 - r**3/6 - r**2. Calculate z(d).
-1
Let o(z) = -8*z**2 + 5*z**3 + 10 - 2 - 8*z**3 + 4*z**3 + 6 - 21*z. Calculate o(10).
4
Let z(x) = -x**3 + 17*x**2 - 14*x - 7. Let v(g) = g**2 - g + 1. Let p(n) = 6*v(n) - z(n). Calculate p(10).
-7
Suppose -2*p - 2*p - 12 = 0. Let u(y) be the third derivative of -y**6/360 - y**5/60 - 5*y**4/8 - 11*y**2. Let k(c) be the second derivative of u(c). Give k(p).
4
Let q(p) = 44*p - 43*p - 33 + 32 + 8*p**2. Determine q(1).
8
Let f(r) = 18 + 19 - 41 + 10 - 5*r. Determine f(7).
-29
Let p(m) = 3*m. Suppose -5*j + 6 = -4. Suppose 5*c + 20 = -2*r, -3*c + 2*r - j = 26. Determine p(c).
-18
Let j(p) = -6*p**3 + p**2 - 1. Suppose 3*q - 4*d + 14 = 0, 2*q - 2*d - d + 11 = 0. Suppose -q*l = -21 - 25. Suppose -27*n + 4 = -l*n. Give j(n).
-6
Let 